+ 5*h**2 + 3*h**2. Suppose -4*r - 18 = -2. Determine w(r).
-26
Let y(n) be the second derivative of n**4/6 - 2*n**3 - 13*n**2/2 - 3591*n. Give y(7).
1
Suppose 5 = 6*w + 41. Let s(u) = -20*u + 5. Let q(t) = 7*t. Let g(l) = -15*q(l) - 5*s(l). What is g(w)?
5
Let f = -272 + 266. Let i(u) = -52*u - 297. Let x be i(f). Let h(w) = -w**3 + 16*w**2 - 16*w + 20. Give h(x).
5
Let c(p) = -8*p - 15. Let f(x) = 11*x + 16. Let u(r) = -4*c(r) - 3*f(r). Let i be 2/((-1)/(-3)*2). Let l(j) = -13. Let a(g) = i*u(g) + 2*l(g). Determine a(7).
-11
Let x(w) = -2*w**2 - 50*w - 293. Let f be x(-15). Let a be (-8)/3 - 2/6. Let l(u) = u - 6. Let n(c) = c - 7. Let i(m) = a*n(m) + 2*l(m). Calculate i(f).
2
Let k(r) be the third derivative of -r**6/720 - r**5/60 - 7*r**4/4 + r**3/3 - 42*r**2. Let z(m) be the second derivative of k(m). Calculate z(-3).
1
Let o(j) = j - 4. Let i(u) = -2*u + 9. Let q(a) = -3*i(a) - 7*o(a). Let x(d) = 10*d + 199. Let m be x(-20). Give q(m).
2
Let u(h) = -15*h**2 - 5*h - 176. Let k(s) = -13*s**2 - 5*s - 153. Let d(o) = 7*k(o) - 6*u(o). Determine d(0).
-15
Let a(r) = -r**3 + 8*r**2 - 3*r - 6. Suppose -5*b - 3*y + 28 = 0, 0*y = y - 1. Suppose -2*f = -9*h + 13*h - 16, 31 = b*f + h. Determine a(f).
48
Let s be (-8)/52 - (-15070)/(-65). Let r = -233 - s. Let w(o) = 11*o - 1. Give w(r).
-12
Suppose -12*g = -14*g - 342. Let q = g + 171. Let u(v) = -v - 12. What is u(q)?
-12
Let a(j) = -j**3 - 26*j**2 - j - 17. Let g = -38825 + 38799. Determine a(g).
9
Let g(r) be the second derivative of -r**5/4 + r**3/2 - r**2 + 5*r + 6. Let d be 63/189 - (-1 - (-1)/3). What is g(d)?
-4
Let q(d) = -238*d**3 - 501*d**3 - 13*d**2 + 740*d**3 + 4*d. What is q(13)?
52
Let s(q) = q**2 + 22*q + 42. Let o be 12/(-9)*(-280)/42*36/(-16). What is s(o)?
2
Let a = -1 - 0. Let x(r) = 9*r**2 - 4*r - 5. Let o(n) = 12*n**2 - 5*n - 6. Let i be ((-10)/(-20))/(1/10). Let d(p) = i*o(p) - 6*x(p). Give d(a).
7
Let n = 10119 - 20235/2. Let x(y) be the first derivative of -n*y**2 + 0*y - y**3 + 13. Give x(-2).
-6
Let o(t) = -t**2 + 5*t + 8. Let s be 9*-1*(-55)/(-15). Let f = 35 + s. Suppose 18 = f*r + r. Give o(r).
2
Suppose -66*u - 30 = -142*u + 70*u. Let s(b) = 35*b - 181. Give s(u).
-6
Let x(h) = -325 + 297 - 874*h**2 + 876*h**2 + 33*h. What is x(-17)?
-11
Let c(z) = -178*z - 26. Let j(l) = 36*l + 5. Let t(q) = 4*c(q) + 22*j(q). What is t(-1)?
-74
Let v(o) = o**3 + 14*o**2 + 17*o + 37. Let u be v(-12). Suppose -21*m + 68 = -u. Let s(q) = q**3 - 10*q**2 + 8*q + 5. What is s(m)?
-4
Let w(a) = -77*a**3 - 21 + 75*a**3 - 32*a**2 + 25*a + 6*a**2 - 26*a + 7. Calculate w(-13).
-1
Let l(g) = g**3 + 3*g**2 + 2*g + 3. Let y = 171 - 156. Suppose -91*u + 86*u = y. Determine l(u).
-3
Let a be 861/273 + (-4)/26. Suppose -4*u - 32 = 2*b, 9*u - a*b = 10*u + 13. Let d(g) = -g - 7. Calculate d(u).
0
Suppose 3*m = -2*m + 15. Let c(p) = 148 + p + 2 - 157. Determine c(m).
-4
Let b(d) = 5*d**2 - 7*d + 1. Let l(a) = a**2 - a + 1. Let w be -2*((-243)/(-6) + -1 - 0). Let k = -75 - w. Let v(t) = k*l(t) - b(t). Give v(3).
3
Let f(p) = 6*p**2 + 5*p + 7. Let z(r) = 5*r**2 + 5*r + 6. Suppose 66 = 4*a + 46. Suppose 7 = -2*b - 1. Let k(j) = a*z(j) + b*f(j). Give k(-4).
-2
Suppose 8 - 44 = -6*q. Let h(a) = 13 + 19 - 24 + a - 2*a. Calculate h(q).
2
Let j be (-17 + 2)*(4/10)/(-1). Suppose -2*q = 5*v - 10, q + 4*v = j*v - 4. Let s(r) be the first derivative of r**2/2 - 2. What is s(q)?
0
Let t = 27 - 21. Let y be t/(36/15)*2. Suppose -5 = 9*l - y. Let z(s) = -s**2 - s + 4. Give z(l).
4
Let m(b) be the second derivative of -25*b**3/6 - 145*b**2/2 - 132*b. Give m(-5).
-20
Let v(p) = -15*p + 12*p - 4 + 44. Let o be v(11). Let f(n) be the first derivative of -n**4/4 + 8*n**3/3 - 7*n**2/2 - 6*n - 2. Determine f(o).
-6
Let g(x) = -51*x + 3357. Let y be g(66). Let l(u) = -7*u - 28. Give l(y).
35
Let w(b) be the second derivative of -b**5/20 - 13*b**4/12 + 7*b**3/3 - 5*b**2 - 2*b + 1331. Give w(-14).
-10
Let j(q) = q + 3. Let d(a) = -a**2 + 15*a - 20. Let i be d(15). Let m = i + 24. Suppose -4*k - 3*o - 29 = 0, 22 = 5*k + m*o + 58. What is j(k)?
-5
Let j = 21728/3 - 7242. Let p(l) be the third derivative of 0*l + 5/24*l**4 - 22*l**2 - j*l**3 + 0 - 1/60*l**5. What is p(3)?
2
Let c(t) = t**2 + 8*t - 13. Suppose 0 = 6*w - 32 - 4. Suppose w = 2*z + 26. What is c(z)?
7
Let h(w) = -w**3 - 2*w**2 + 1. Suppose 4*b + 12 = 2*d, -3*d - 12*b + 7*b + 7 = 0. Let v be 6/d*(31 + -33). What is h(v)?
10
Let v(c) = 7*c - 18. Let s = 3761 - 3758. Determine v(s).
3
Let o(k) = 5*k**2 - 49*k - 8*k**3 + 10*k + 20*k + 3*k + 13*k. Give o(1).
-6
Let q(r) = -8*r - 9. Let b = -8303 + 8310. Calculate q(b).
-65
Let x = 33 + -15. Suppose 7 = 4*z - o, -5*z - 2*o = -7 - x. Let k(f) = -8*f**2 + 6*f**3 - 8*f**3 + 3*f**3 - 4*f**2 + 9*f**2 + 4. Give k(z).
4
Suppose 0 = 2*f - 5*d - 47, -44*f + 40*f + 31 = -d. Let x(m) = -m**3 + 7*m**2 + 6*m - 13. Give x(f).
59
Let m be (-34)/7 - (-4)/(-28). Let k(x) be the first derivative of -6*x - 1/4*x**4 - 3*x**2 - 25 - 2*x**3. Give k(m).
-1
Let y(c) = 33*c**2 + 2*c - 110. Let v(p) = 29*p**2 + 4*p - 109. Let z(u) = -8*v(u) + 7*y(u). Give z(4).
14
Let k(v) = -v**2 - 8*v + 3. Let r be 171/(-6)*128/(-24). Suppose -4*d = -5*a - 431, 0 = 4*a + d + r + 197. Let i = a + 80. What is k(i)?
10
Let c = 16195 + -16182. Let d(s) = s**3 - 13*s**2 - 12. Calculate d(c).
-12
Let r(k) = 5*k. Let l(a) = 28*a + 41. Let z(t) = l(t) - 5*r(t). Give z(-12).
5
Let d(p) = -p + 33. Let j be d(34). Let c(b) = 12*b**2 - 6*b + 8. Let t(n) = 11*n**2 - 5*n + 7. Let r(s) = -6*c(s) + 7*t(s). Determine r(j).
5
Let f(t) be the third derivative of -t**7/2520 + 7*t**6/720 - t**5/60 - t**4/3 - 4*t**2 + 5. Let o(s) be the third derivative of f(s). Calculate o(5).
-3
Let y(g) = g - 1. Let c(h) = 10*h - 20. Let n(v) = -2*c(v) + 18*y(v). Give n(0).
22
Let z(t) = 15*t + 2. Let n be 1 - (0 + 0)*(-1)/5. Calculate z(n).
17
Let x(b) be the first derivative of b**6/120 - b**5/15 - b**3/2 + b**2 + 25*b - 18. Let d(h) be the second derivative of x(h). Calculate d(4).
-3
Let m(y) = -y**3 + 0*y**2 + 5*y**2 - 8*y**2 + 115*y - 15*y**2 - 117*y + 10. Calculate m(-18).
46
Let p be (-42)/5 + (-12)/(-30). Let k(f) = f**3 - 6211*f**2 + 6219*f**2 - 7 - 21*f + 17*f. Calculate k(p).
25
Let n(o) = 33*o - 658. Let x(y) = -353*y + 1432. Let l be x(4). What is n(l)?
2
Let o(b) = b - 2*b**2 - 10 - 4817*b**3 + 2398*b**3 + 2415*b**3. Give o(3).
-133
Let f be -1 + 3/((-6)/(-4)). Let o(y) = -2*y + 1 - 120*y**2 + 259*y**2 - 123*y**2. Give o(f).
15
Let s(m) = -2*m**2 + 17*m + 6. Let d(l) = 2*l**3 + 24*l**2 + 11*l - 112. Let r be d(-11). Determine s(r).
-3
Let a = -44 - -37. Let f(o) = o**2 + 9*o + 15. Let n be f(a). Suppose 4*l - 3 = v, -3*l - l + 5*v = n. Let h(k) = k + 1. Determine h(l).
2
Let n(o) be the second derivative of -o**5/20 - o**4/4 + o**3/6 + 5*o**2/2 + 54293*o. Let l be -1 - (-1)/((-2)/6). Give n(l).
17
Let s be ((-20)/80)/((-3)/(-24)). Let m(o) = -o**3 + 2*o**2 - 6. What is m(s)?
10
Let g(t) be the first derivative of 35*t**3/3 + 71*t**2 - 3*t + 2160. Give g(-4).
-11
Let b(o) = -o**3 - 13*o**2 - 15*o - 14. Suppose -168 = -3*w - f + 830, w = 2*f + 342. Let l = -346 + w. Determine b(l).
22
Let s be (456/(-1824))/(1/60). Let l(k) = 9*k + 90. Determine l(s).
-45
Let q be (4*(-9)/6)/1. Let o(c) = -29*c - 13. Let d(g) = -13*g - 6. Let m(b) = 2*b**2 - 9*b + 13. Let k be m(3). Let p(y) = k*o(y) - 9*d(y). Determine p(q).
-4
Let m(r) be the third derivative of -r**5/60 - r**4/4 + r**3/3 - 2*r**2. Let z be (-18 - 12 - -31)*-4. Give m(z).
10
Suppose -4*z = m - 35, 84*m - 88*m - 60 = -4*z. Let o(g) = -g**2 + 9*g + 21. Determine o(z).
11
Let q(y) = 26*y - 157. Let v be q(6). Let l(g) = 6*g**2 - 4*g - 2. Give l(v).
8
Let i(h) = 10*h + 8*h - 74 + 10*h - 26*h. Calculate i(37).
0
Let h(q) = q**3 + 48*q**2 + 285*q - 18. Let r be h(-7). Let b(c) = -c**3 - 4*c**2 + 3*c + 7. Determine b(r).
-5
Let i(z) = -z**3 - 2*z**2 + 42*z + 108. Let q be i(-3). Let v(d) = d**3 + 9*d**2 + d - 8. What is v(q)?
-17
Let a(t) = t + 31. Suppose 5*v - 5*h + 65 = 0, 11*h - 6*h + 52 = -4*v. Determine a(v).
18
Let s(r) = -r**2 - 15*r - 20. Let t be (-3 - 3) + 3/(-1) - (27 + -24). Calculate s(t).
16
Let p(j) be the third derivative of -5*j**4/24 - 5*j**3/6 + 17*j**2. Let s(k) = 4*k + 10 + 15*k - 10*k. Let n(q) = 5*p(q) + 3*s(q). Gi